{"id":32288,"date":"2021-12-07T20:32:41","date_gmt":"2021-12-07T20:32:41","guid":{"rendered":"https:\/\/fajasmelibeltstore.com\/?post_type=product&#038;p=32288"},"modified":"2025-10-13T09:20:25","modified_gmt":"2025-10-13T09:20:25","slug":"faja-nancy-3032","status":"publish","type":"product","link":"https:\/\/fajasmelibeltstore.com\/index.php\/product\/faja-nancy-3032\/","title":{"rendered":"FAJA NANCY &#8211; 3032"},"content":{"rendered":"<p style=\"text-align: left;\"><strong>Tabla de Medidas<\/strong><\/p>\n<p><img loading=\"lazy\" decoding=\"async\" class=\"alignnone size-full wp-image-8715\" src=\"https:\/\/www.fajasmelibeltusa.com\/wp-content\/uploads\/2017\/06\/TABLA-DE-MEDIDAS4.jpg\" alt=\"\" width=\"1200\" height=\"600\" \/><\/p>\n","protected":false},"excerpt":{"rendered":"<ul>\n<li>Espalda alta<\/li>\n<li>Abrochadura continua de 3 hileras<\/li>\n<li>Tira ancha y acolchonada 3 niveles de ajuste<\/li>\n<li>Cintura mas peque\u00f1a, cadera mas amplia<\/li>\n<li>Tejidos de compresi\u00f3n inteligentes que brindan un optimo moldeo en tu cuerpo.<\/li>\n<li>Doble refuerzo abdominal.<\/li>\n<li>Sistema levanta gl\u00fateos natural<\/li>\n<li>Cubrimiento espalda alta<\/li>\n<li>Ayuda a la recuperaci\u00f3n y obtener mejor resultados despu\u00e9s de la cirug\u00eda.<\/li>\n<li>Amplio espacio perineal para mayor comodidad<\/li>\n<\/ul>\n<p>&nbsp;<\/p>\n<p>&nbsp;<\/p>\n","protected":false},"featured_media":10618,"comment_status":"open","ping_status":"closed","template":"","meta":[],"product_cat":[118,120],"product_tag":[],"class_list":["post-32288","product","type-product","status-publish","has-post-thumbnail","hentry","product_cat-fajas","product_cat-postquirurgica"],"_links":{"self":[{"href":"https:\/\/fajasmelibeltstore.com\/index.php\/wp-json\/wp\/v2\/product\/32288"}],"collection":[{"href":"https:\/\/fajasmelibeltstore.com\/index.php\/wp-json\/wp\/v2\/product"}],"about":[{"href":"https:\/\/fajasmelibeltstore.com\/index.php\/wp-json\/wp\/v2\/types\/product"}],"replies":[{"embeddable":true,"href":"https:\/\/fajasmelibeltstore.com\/index.php\/wp-json\/wp\/v2\/comments?post=32288"}],"wp:featuredmedia":[{"embeddable":true,"href":"https:\/\/fajasmelibeltstore.com\/index.php\/wp-json\/wp\/v2\/media\/10618"}],"wp:attachment":[{"href":"https:\/\/fajasmelibeltstore.com\/index.php\/wp-json\/wp\/v2\/media?parent=32288"}],"wp:term":[{"taxonomy":"product_cat","embeddable":true,"href":"https:\/\/fajasmelibeltstore.com\/index.php\/wp-json\/wp\/v2\/product_cat?post=32288"},{"taxonomy":"product_tag","embeddable":true,"href":"https:\/\/fajasmelibeltstore.com\/index.php\/wp-json\/wp\/v2\/product_tag?post=32288"}],"curies":[{"name":"wp","href":"https:\/\/api.w.org\/{rel}","templated":true}]}}